ime number?
True
Is 14609815601 composite?
False
Is 68451373 prime?
True
Is 30035232229 a prime number?
False
Is 14160591323 a composite number?
False
Is 92014781231 a composite number?
False
Is 4433552057 composite?
True
Is 34422186941 composite?
False
Is 42158988419 composite?
True
Is 527328497 composite?
False
Is 29214871963 composite?
False
Is 579755237 composite?
False
Is 34801777 a prime number?
True
Is 105966607 composite?
False
Is 8269839797 a prime number?
True
Is 4506785851 prime?
False
Is 3522234803 a prime number?
False
Is 5646519563 a composite number?
False
Is 151240813 composite?
False
Is 748890017 composite?
False
Is 515165159 a composite number?
True
Is 2337015553 a prime number?
False
Is 419850721 a prime number?
True
Is 287180539 a composite number?
False
Is 18653436037 composite?
False
Is 475930129 a composite number?
False
Is 3532616513 a composite number?
True
Is 2817347669 a prime number?
False
Is 262688891 prime?
True
Is 43630651307 a composite number?
True
Is 13839213049 a prime number?
True
Is 16285417763 a composite number?
False
Is 1776357913 a composite number?
True
Is 8255639863 composite?
False
Is 148629079007 a composite number?
True
Is 2288064739 a composite number?
False
Is 135572976011 composite?
True
Is 24357927967 composite?
False
Is 3027401815 a prime number?
False
Is 26577830833 a prime number?
False
Is 853546417 a prime number?
True
Is 3571350221 prime?
True
Is 84870255013 a prime number?
False
Is 38427564293 composite?
True
Is 13256684551 composite?
True
Is 132649183 prime?
False
Is 4329735843 a composite number?
True
Is 523818941 a prime number?
False
Is 4983712439 composite?
False
Is 73326117607 prime?
False
Is 3489509801 a prime number?
True
Is 25424302297 prime?
True
Is 1704143929 prime?
True
Is 1991626019 prime?
False
Is 23707838657 composite?
False
Is 40648585567 composite?
False
Is 181298263 prime?
True
Is 5519747339 a composite number?
True
Is 3374762437 composite?
False
Is 35190321167 a composite number?
True
Is 12042529219 a prime number?
False
Is 2764679063 composite?
False
Is 2599356119 prime?
True
Is 272568521 a composite number?
False
Is 44703461 composite?
True
Is 3669011627 a composite number?
True
Is 151135452931 prime?
True
Is 2615028986 prime?
False
Is 7175688731 a prime number?
True
Is 130425929 a prime number?
True
Is 899071991 composite?
True
Is 116664792963 a composite number?
True
Is 1071941309 prime?
True
Is 1032222029 composite?
False
Is 531617027 a prime number?
False
Is 4148182033 a composite number?
False
Is 6293174663 prime?
True
Is 670865443 composite?
False
Is 508379479 a prime number?
True
Is 5328120289 prime?
True
Is 478897949 a composite number?
False
Is 41340347 composite?
False
Is 207011880151 prime?
True
Is 5059129997 composite?
False
Is 1175017309 a composite number?
False
Is 107924933 prime?
False
Is 7801670623 composite?
False
Is 24809730437 prime?
True
Is 49236510751 a prime number?
False
Is 4294177541 a composite number?
False
Is 6725465171 a composite number?
False
Is 150125004607 a composite number?
False
Is 926093761 a prime number?
False
Is 2505107933 a composite number?
True
Is 5052002667 composite?
True
Is 19174090121 a prime number?
True
Is 1863578117 a prime number?
True
Is 1533290701 a composite number?
True
Is 91009847869 a composite number?
False
Is 46699941373 a composite number?
False
Is 33105168533 prime?
False
Is 145437163 prime?
False
Is 13865106111 a prime number?
False
Is 246267383 prime?
False
Is 42625706609 prime?
True
Is 44800887421 prime?
False
Is 1074398019 prime?
False
Is 476414671 a prime number?
True
Is 17291678147 a prime number?
True
Is 89967358849 composite?
True
Is 6779765557 prime?
False
Is 3195289567 a composite number?
True
Is 3870432163 a composite number?
True
Is 77981890759 composite?
True
Is 4703194039 a prime number?
True
Is 279183917 a composite number?
False
Is 451494247 composite?
False
Is 252077429 a composite number?
False
Is 19951659553 a composite number?
True
Is 1933687123 prime?
False
Is 11617459853 a composite number?
False
Is 847377871 composite?
True
Is 31326859 a prime number?
True
Is 508853179 a prime number?
True
Is 79536733 composite?
False
Is 2757379967 a prime number?
True
Is 400192911853 a composite number?
True
Is 1268794097 prime?
True
Is 2981826073 composite?
True
Is 146618783 a prime number?
False
Is 25839483497 composite?
True
Is 1507569445 a composite number?
True
Is 1853877449 composite?
False
Is 132166050293 a composite number?
False
Is 40743308933 a prime number?
True
Is 8878206511 composite?
False
Is 7722755779 a prime number?
False
Is 22830730355 prime?
False
Is 2837621627 a prime number?
True
Is 2928967501 prime?
True
Is 58279879367 prime?
True
Is 266578183 prime?
False
Is 19582187927 composite?
False
Is 1781237487 prime?
False
Is 7588767061 prime?
False
Is 309184901 a prime number?
True
Is 197665255 a prime number?
False
Is 250538927 a composite number?
True
Is 72183067849 a prime number?
True
Is 7405608827 a composite number?
False
Is 3090538483 composite?
False
Is 679310351 a composite number?
True
Is 358398331 composite?
False
Is 143969755 a prime number?
False
Is 20300801942 prime?
False
Is 305636861 prime?
True
Is 1045011421 composite?
False
Is 177587567 a prime number?
False
Is 1137463099 prime?
False
Is 169937274662 composite?
True
Is 604970137 a prime number?
True
Is 279833341 a composite number?
True
Is 35855773007 composite?
True
Is 8514315391 a prime number?
True
Is 142398182117 prime?
False
Is 5034239117 a prime number?
True
Is 85702363265 a composite number?
True
Is 194772463 composite?
False
Is 443278211 a composite number?
False
Is 358165993 a composite number?
True
Is 2389549991 a composite number?
True
Is 191258971201 a composite number?
False
Is 101648234 a composite number?
True
Is 393685573 a prime number?
False
Is 14100112589 a prime number?
False
Is 2372690681 a composite number?
False
Is 82547731 a composite number?
True
Is 977375479 a composite number?
True
Is 9011019517 prime?
True
Is 955694374 composite?
True
Is 21401072743 prime?
False
Is 19296994063 a composite number?
True
Is 245816587 composite?
False
Is 29703094931 composite?
False
Is 16837698413 a prime number?
True
Is 17858609057 prime?
True
Is 1568470261 a composite number?
False
Is 43373583863 composite?
True
Is 17076437447 prime?
True
Is 2345206522 composite?
True
Is 1662086639 a prime number?
False
Is 14121867073 a composite number?
True
Is 785827961 prime?
True
Is 8471286373 a prime number?
False
Is 5066195527 a composite number?
False
Is 9478078226 composite?
True
Is 525017195 a prime number?
False
Is 980155823 a prime number?
False
Is 14311800677 composite?
False
Is 6750327509 a composite number?
False
Is 784038601 prime?
True
Is 14040033493 prime?
False
Is 63913655021 composite?
True
Is 4344221 a prime number?
False
Is 437586151 a prime number?
False
Is 8444961113 a composite number?
False
Is 190817339 composite?
False
Is 110971154513 composite?
True
Is 24431323871 prime?
True
Is 6161863049 a composite number?
False
Is 62742561109 composite?
False
Is 11412385871 a composite number?
True
Is 8464310903 a composite number?
True
Is 44899644073 a composite number?
False
Is 400029537 composite?
True
Is 82480354373 a prime number?
True
Is 1367532083 composite?
False
Is 68533643129 a prime number?
False
Is 23980076885 a composite number?
True
Is 1239111089 a prime number?
True
Is 694245602 a prime number?
False
Is 734542535 a composite number?
True
Is 75576595883 prime?
True
Is 46670054857 prime?
True
Is 40513477 prime?
False
Is 718753926505 a composite number?
True
Is 2884991917 a prime number?
True
Is 297624433 a prime number?
True
Is 309424537063 composite?
False
Is 6056430343 a prime number?
True
Is 3466224343 a prime number?
False
Is 6057224441 a composite number?
False
Is 66219285967 a composite number?
True
Is 44519552443 prime?
False
Is 699865181 a composite number?
True
Is 7812681 composite?
True
Is 339246319 a composite number?
True
Is 6384390161 composite?
True
Is 413070689 composite?
False
Is 610035031 composite?
False
Is 2588112479 a composite number?
False
Is 58852249934 composite?
True
Is 93731649535 a composite number?
True
Is 25624850237 a prime number?
False
Is 7243341851 a prime number?